se 10) to base 4
-11020
What is -5796 (base 10) in base 12?
-3430
19074 (base 11) to base 3
1100121221
Convert 2044 (base 5) to base 9.
334
-10 (base 7) to base 5
-12
-32636 (base 7) to base 10
-8210
What is -3232 (base 4) in base 9?
-284
Convert 369f (base 16) to base 13.
6498
-233 (base 13) to base 12
-278
What is 202 (base 8) in base 16?
82
33 (base 4) to base 11
14
What is -607 (base 10) in base 2?
-1001011111
Convert 4720 (base 8) to base 3.
10110001
What is 12213 (base 4) in base 6?
1543
Convert 1110020 (base 4) to base 5.
133014
What is -14112 (base 7) in base 8?
-7367
What is -10010101000 (base 2) in base 16?
-4a8
Convert -1b7 (base 15) to base 9.
-481
Convert 100 (base 15) to base 4.
3201
What is 57820 (base 9) in base 3?
1221220200
Convert -5299 (base 10) to base 12.
-3097
Convert -1014323 (base 5) to base 3.
-212002122
Convert 1111 (base 6) to base 4.
10003
1e9c (base 16) to base 8
17234
What is 20011223 (base 4) in base 3?
1200110002
Convert -631 (base 15) to base 2.
-10101110100
What is 3013033 (base 4) in base 10?
12751
Convert 122032 (base 4) to base 9.
2264
What is 212124 (base 5) in base 2?
1101111111100
What is -2010 (base 5) in base 8?
-377
Convert -5474 (base 9) to base 11.
-303a
2093 (base 15) to base 4
1223220
What is -17548 (base 9) in base 14?
-45b3
40265 (base 8) to base 5
1012230
3dd (base 16) to base 10
989
Convert 272 (base 11) to base 3.
102220
What is 40 (base 13) in base 11?
48
Convert -42 (base 8) to base 12.
-2a
-350343 (base 6) to base 5
-1424233
What is -1111213 (base 4) in base 15?
-1954
-2012 (base 3) to base 11
-54
Convert 497 (base 12) to base 8.
1263
What is -17074 (base 9) in base 2?
-10110111010011
Convert -31553 (base 9) to base 13.
-9660
Convert -639 (base 13) to base 15.
-4ac
What is -2546 (base 8) in base 10?
-1382
-a608 (base 12) to base 15
-55a2
-84 (base 13) to base 8
-154
Convert 41954 (base 10) to base 12.
20342
Convert -72737 (base 8) to base 12.
-15567
-11621 (base 8) to base 13
-2384
Convert 1020201 (base 3) to base 5.
12120
Convert 1010001010 (base 2) to base 7.
1616
Convert 940 (base 10) to base 6.
4204
What is -62 (base 7) in base 2?
-101100
-591 (base 16) to base 3
-1221210
100100111 (base 2) to base 16
127
Convert -1b646 (base 13) to base 4.
-31020220
22211 (base 4) to base 12
485
What is 4401 (base 6) in base 14?
521
-b45 (base 15) to base 11
-19aa
Convert -1033212 (base 4) to base 14.
-1bdc
10001110100 (base 2) to base 11
947
-33c (base 14) to base 5
-10032
-32425 (base 7) to base 6
-101304
Convert 116 (base 8) to base 5.
303
What is 1000010110110 (base 2) in base 6?
31450
What is -10100010100 (base 2) in base 9?
-1704
What is 37481 (base 9) in base 5?
1301213
What is -4744 (base 10) in base 4?
-1022020
What is -3302 (base 6) in base 2?
-1011110110
230213 (base 4) to base 14
107d
-bb3 (base 13) to base 5
-31010
78 (base 9) to base 15
4b
What is 1813 (base 10) in base 7?
5200
1101000000011001 (base 2) to base 7
311213
What is -b0 (base 16) in base 5?
-1201
Convert 101010011001 (base 2) to base 15.
c0d
632 (base 7) to base 15
162
Convert 1233414 (base 5) to base 16.
5eaa
Convert -362 (base 12) to base 13.
-2cc
-31a (base 11) to base 4
-12000
What is 8878 (base 14) in base 8?
56112
What is -262603 (base 7) in base 12?
-24437
Convert 3030 (base 4) to base 15.
d9
5352 (base 9) to base 4
331133
-1b6 (base 16) to base 3
-121020
What is 13124 (base 6) in base 5?
30441
37a (base 14) to base 2
1010111000
Convert 30101 (base 4) to base 12.
555
What is 3363 (base 13) in base 16?
1c0b
425503 (base 6) to base 2
1000100010001111
What is -21311 (base 4) in base 16?
-275
What is -3665 (base 16) in base 12?
-8085
Convert -463b (base 14) to base 6.
-132301
What is 7338 (base 10) in base 14?
2962
-20201120 (base 3) to base 4
-1030212
-111100 (base 3) to base 13
-219
What is 3221 (base 14) in base 9?
12774
616 (base 11) to base 6
3235
What is -1b0d (base 16) in base 12?
-4011
92b (base 15) to base 6
13322
1116a (base 12) to base 6
253014
What is -957 (base 13) in base 6?
-11213
Convert -2160 (base 15) to base 11.
-5343
-511 (base 9) to base 10
-415
-235341 (base 6) to base 15
-61bd
Convert -221122011 (base 3) to base 9.
-27564
-4706 (base 9) to base 14
-13b3
What is 11120 (base 8) in base 7?
16445
What is 3276 (base 8) in base 4?
122332
Convert 10101100001 (base 2) to base 3.
1220000
What is 531402 (base 6) in base 2?
1010100001111010
-195 (base 12) to base 10
-257
Convert -1cb (base 16) to base 7.
-1224
What is 732 (base 15) in base 12?
b32
Convert 3657 (base 16) to base 13.
6441
-104313 (base 5) to base 16
-e7c
13215 (base 6) to base 12
120b
Convert -4233 (base 6) to base 5.
-12312
Convert -1000000101111001 (base 2) to base 8.
-100571
154155 (base 6) to base 12
895b
What is 4918 (base 11) in base 5?
201212
-636 (base 9) to base 15
-249
Convert 11100000 (base 2) to base 3.
22022
What is -2045 (base 12) in base 10?
-3509
Convert 12212 (base 3) to base 10.
158
What is 9143 (base 10) in base 12?
535b
Convert -55347 (base 9) to base 10.
-36736
What is 122413 (base 8) in base 2?
1010010100001011
-1460 (base 11) to base 13
-b19
a4a4 (base 11) to base 4
3121110
Convert -2764 (base 8) to base 15.
-6b9
What is -139 (base 12) in base 16?
-bd
What is -1451 (base 12) in base 16?
-93d
Convert -288 (base 11) to base 16.
-152
Convert -35017 (base 10) to base 12.
-18321
Convert 2276 (base 12) to base 10.
3834
Convert 10111111010 (base 2) to base 9.
2080
Convert -33403 (base 7) to base 8.
-20357
What is -cab (base 15) in base 11?
-2171
What is -1216 (base 14) in base 3?
-11022220
What is -101010110000111 (base 2) in base 10?
-21895
What is 101112 (base 4) in base 5?
13420
What is -65174 (base 8) in base 4?
-12221330
What is 4e7 (base 15) in base 7?
3154
324 (base 12) to base 11
389
-229 (base 10) to base 2
-11100101
Convert -5a1 (base 15) to base 9.
-1667
What is -224114 (base 5) in base 8?
-17542
Convert -301123 (base 5) to base 16.
-2542
What is 110100100 (base 2) in base 8?
644
Convert 222 (base 11) to base 10.
266
What is -20501 (base 7) in base 12?
-2b08
Convert -24111 (base 9) to base 3.
-211010101
What is -100110011011100 (base 2) in base 4?
-10303130
What is -5a13 (base 15) in base 11?
-13423
Convert 111001101000101 (base 2) to base 16.
7345
Convert 3244 (base 5) to base 4.
13001
-880 (base 9) to base 12
-500
Convert 2431 (base 11) to base 13.
15a8
What is 55415 (base 8) in base 3?
1011222022
-222123 (base 4) to base 11
-2049
What is 152bd (base 14) in base 13?
1aca6
What is 8664 (base 10) in base 7?
34155
101110111 (base 2) to base 11
311
Convert -cc (base 13) to base 7.
-330
-7770 (base 12) to base 15
-3d93
Convert 33002 (base 4) to base 2.
1111000010
Convert 233320 (base 4) to base 3.
11012111
What is 3223301 (base 4) in base 3?
202200212
What is -3f0 (base 16) in base 9?
-1340
Convert 12b5b (base 14) to base 11.
31737
What is -57028 (base 11) in base 9?
-135214
652 (base 7) to base 16
14b
-5853 (base 9) to base 6
-32033
What is -3512 (base 9) in base 2?
-101000101011
Convert 1490c (base 13) to base 2.
1001011111100010
-394 (base 12) to base 13
-32b
3334 (base 6) to base 4
30022
-112101 (base 3) to base 16
-184
What is 206 (base 10) in base 12?
152
Convert 4449 (base 12) to base 3.
101100110
What is 2720 (base 9) in base 5?
31133
Convert 10d1 (base 16) to base 13.
1c62
Convert -21220 (base 6) to base 13.
-1416
What is -83521 (base 9) in base 6?
-1103031
What is -177 (base 8) in base 11?
-106
Convert -107a9 (base 11) to base 12.
-9047
Convert 9a (base 11) to base 8.
155
-61361 (base 8) to base 9
-37663
What is -24340 (base 9) in base 5?
-1010232
Convert -1732 (base 9) to base 6.
-10045
What is 1620 (base 10) in base 5?
22440
What is -881 (base 9) in base 2?
-1011010001
a0 (base 11) to base 4
1232
3652 (base 10) to base 3
12000021
What is -124042 (base 5) in base 8?
-11441
What is -2212 (base 4) in base 14?
-bc
-2280 (base 13) to base 16
-12e4
Convert -157 (base 16) to base 11.
-292
Convert 429 (base 11) to base 4.
20003
What is -2750 (base 9) in base 6?
-13330
3330233 (base 4) to base 6
202515
24004 (base 5) to base 11
1355
What is -231 (base 9) in base 2?
-10111110
What is 101012001 (base 3) in base 4?
1310002
What is 6c (base 13) in base 8?
132
What is 2365 (base 8) in base 7?
3462
265303 (base 7) to ba